{"id":126,"date":"2026-02-25T18:00:36","date_gmt":"2026-02-25T21:00:36","guid":{"rendered":"https:\/\/crp09.org.br\/site\/?page_id=126"},"modified":"2026-03-09T11:06:55","modified_gmt":"2026-03-09T14:06:55","slug":"plenario-atual","status":"publish","type":"page","link":"https:\/\/crp09.org.br\/site\/plenario-atual\/","title":{"rendered":"Plen\u00e1rio Atual"},"content":{"rendered":"\t\t<div data-elementor-type=\"wp-page\" data-elementor-id=\"126\" class=\"elementor elementor-126\" data-elementor-post-type=\"page\">\n\t\t\t\t<div class=\"elementor-element elementor-element-982747b e-flex e-con-boxed e-con e-parent\" data-id=\"982747b\" data-element_type=\"container\" data-e-type=\"container\">\n\t\t\t\t\t<div class=\"e-con-inner\">\n\t\t\t\t<div class=\"elementor-element elementor-element-906616e elementor-widget elementor-widget-heading\" data-id=\"906616e\" data-element_type=\"widget\" data-e-type=\"widget\" data-widget_type=\"heading.default\">\n\t\t\t\t\t<h2 class=\"elementor-heading-title elementor-size-default\">XII PLEN\u00c1RIO<\/h2>\t\t\t\t<\/div>\n\t\t\t\t<div class=\"elementor-element elementor-element-287ac8c elementor-widget elementor-widget-heading\" data-id=\"287ac8c\" data-element_type=\"widget\" data-e-type=\"widget\" data-widget_type=\"heading.default\">\n\t\t\t\t\t<h2 class=\"elementor-heading-title elementor-size-default\">Avan\u00e7ar a Psicologia em Goi\u00e1s<\/h2>\t\t\t\t<\/div>\n\t\t\t\t\t<\/div>\n\t\t\t\t<\/div>\n\t\t<div class=\"elementor-element elementor-element-57a1118 e-flex e-con-boxed e-con e-parent\" data-id=\"57a1118\" data-element_type=\"container\" data-e-type=\"container\">\n\t\t\t\t\t<div class=\"e-con-inner\">\n\t\t\t\t<div class=\"elementor-element elementor-element-b984485 elementor-widget elementor-widget-text-editor\" data-id=\"b984485\" data-element_type=\"widget\" data-e-type=\"widget\" data-widget_type=\"text-editor.default\">\n\t\t\t\t\t\t\t\t\t<p><span style=\"text-decoration: underline;\"><strong>DIRETORIA<\/strong><\/span><\/p><p>Conselheira Presidente:\u00a0J\u00c9SSICA FLORINDA AMORIM (CRP-09\/10260)<br \/>Conselheira Vice-Presidente:\u00a0MICHELLE DOS SANTOS BRANQUINHO (CRP-09\/7474)<br \/>Conselheira Tesoureira:\u00a0ISADORA SAMARIDI (CRP-09\/9801)<br \/>Conselheira-Secret\u00e1ria:\u00a0LARISSA RODRIGUES FARIA (CRP-09\/11914)<\/p><p><span style=\"text-decoration: underline;\"><strong>CONSELHEIRAS(OS) EFETIVAS(OS)<\/strong><\/span><\/p><p>ANAIRAM GAMPER DE OLIVEIRA SILVA (CRP-09\/2523)<br \/>ERIKO NETTO DE LIMA (CRP-09\/2865)<br \/>HINAYANA LE\u00c3O MOTTA (CRP-09\/1807)<br \/>ISADORA GON\u00c7ALVES TON\u00d4 DE MOURA (CRP-09\/11554)<br \/>J\u00daLIO CESAR ALVES (CRP-09\/7166)<br \/>MARIA REGINA DOS REIS DUTRA (CRP-09\/2081)<br \/>RAIMUNDO ROCHA MEDRADO J\u00daNIOR (CRP-09\/3965)<br \/>TAMIRES DA SILVA CAT\u00c3O (CRP-09\/10755)<br \/><span style=\"font-family: inherit; font-size: inherit; font-style: inherit; font-variant-ligatures: inherit; font-variant-caps: inherit; font-weight: inherit;\">SIMONE MINASI (CRP-09\/1277)<\/span><\/p><p><strong><span style=\"text-decoration: underline;\">CONSELHEIRAS(OS) SUPLENTES<\/span><\/strong><\/p><p>DENISE MARINHO BORGES (CRP-09\/2141)<br \/>ERIC DE JESUS PORTO (CRP-09\/12985)<br \/>GISSELLA BETH\u00c2NIA CARNEIRO (CRP-09\/2620)<br \/>K\u00c1SSIO ROSSE SILVA KRAN (CRP-09\/9634)<br \/>POLYANA COSTA RODRIGUES (CRP-09\/10331)<br \/>RAFAEL ALVES DOS SANTOS (CRP-09\/15947)<br \/>WISNER BATISTA DE FARIA (CRP-09\/4130)<\/p>\t\t\t\t\t\t\t\t<\/div>\n\t\t\t\t\t<\/div>\n\t\t\t\t<\/div>\n\t\t<div class=\"elementor-element elementor-element-432012f e-flex e-con-boxed e-con e-parent\" data-id=\"432012f\" data-element_type=\"container\" data-e-type=\"container\">\n\t\t\t\t\t<div class=\"e-con-inner\">\n\t\t\t\t<div class=\"elementor-element elementor-element-670ab6f elementor-widget-divider--separator-type-pattern elementor-widget-divider--view-line elementor-widget elementor-widget-divider\" data-id=\"670ab6f\" data-element_type=\"widget\" data-e-type=\"widget\" data-widget_type=\"divider.default\">\n\t\t\t\t\t\t\t<div class=\"elementor-divider\" style=\"--divider-pattern-url: url(&quot;data:image\/svg+xml,%3Csvg xmlns=&#039;http:\/\/www.w3.org\/2000\/svg&#039; preserveAspectRatio=&#039;none&#039; overflow=&#039;visible&#039; height=&#039;100%&#039; viewBox=&#039;0 0 20 16&#039; fill=&#039;none&#039; stroke=&#039;black&#039; stroke-width=&#039;1&#039; stroke-linecap=&#039;square&#039; stroke-miterlimit=&#039;10&#039;%3E%3Cg transform=&#039;translate(-12.000000, 0)&#039;%3E%3Cpath d=&#039;M28,0L10,18&#039;\/%3E%3Cpath d=&#039;M18,0L0,18&#039;\/%3E%3Cpath d=&#039;M48,0L30,18&#039;\/%3E%3Cpath d=&#039;M38,0L20,18&#039;\/%3E%3C\/g%3E%3C\/svg%3E&quot;);\">\n\t\t\t<span class=\"elementor-divider-separator\">\n\t\t\t\t\t\t<\/span>\n\t\t<\/div>\n\t\t\t\t\t\t<\/div>\n\t\t\t\t\t<\/div>\n\t\t\t\t<\/div>\n\t\t\t\t<\/div>\n\t\t","protected":false},"excerpt":{"rendered":"<p>XII PLEN\u00c1RIO Avan\u00e7ar a Psicologia em Goi\u00e1s DIRETORIA Conselheira Presidente:\u00a0J\u00c9SSICA FLORINDA AMORIM (CRP-09\/10260)Conselheira Vice-Presidente:\u00a0MICHELLE DOS SANTOS BRANQUINHO (CRP-09\/7474)Conselheira Tesoureira:\u00a0ISADORA SAMARIDI (CRP-09\/9801)Conselheira-Secret\u00e1ria:\u00a0LARISSA RODRIGUES FARIA (CRP-09\/11914) CONSELHEIRAS(OS) EFETIVAS(OS) ANAIRAM GAMPER DE OLIVEIRA SILVA (CRP-09\/2523)ERIKO NETTO DE LIMA (CRP-09\/2865)HINAYANA LE\u00c3O MOTTA (CRP-09\/1807)ISADORA GON\u00c7ALVES TON\u00d4 DE MOURA (CRP-09\/11554)J\u00daLIO CESAR ALVES (CRP-09\/7166)MARIA REGINA DOS REIS DUTRA (CRP-09\/2081)RAIMUNDO ROCHA MEDRADO J\u00daNIOR [&hellip;]<\/p>\n","protected":false},"author":2,"featured_media":0,"parent":0,"menu_order":0,"comment_status":"closed","ping_status":"closed","template":"","meta":{"footnotes":""},"class_list":["post-126","page","type-page","status-publish","hentry"],"blocksy_meta":[],"_links":{"self":[{"href":"https:\/\/crp09.org.br\/site\/wp-json\/wp\/v2\/pages\/126","targetHints":{"allow":["GET"]}}],"collection":[{"href":"https:\/\/crp09.org.br\/site\/wp-json\/wp\/v2\/pages"}],"about":[{"href":"https:\/\/crp09.org.br\/site\/wp-json\/wp\/v2\/types\/page"}],"author":[{"embeddable":true,"href":"https:\/\/crp09.org.br\/site\/wp-json\/wp\/v2\/users\/2"}],"replies":[{"embeddable":true,"href":"https:\/\/crp09.org.br\/site\/wp-json\/wp\/v2\/comments?post=126"}],"version-history":[{"count":10,"href":"https:\/\/crp09.org.br\/site\/wp-json\/wp\/v2\/pages\/126\/revisions"}],"predecessor-version":[{"id":2149,"href":"https:\/\/crp09.org.br\/site\/wp-json\/wp\/v2\/pages\/126\/revisions\/2149"}],"wp:attachment":[{"href":"https:\/\/crp09.org.br\/site\/wp-json\/wp\/v2\/media?parent=126"}],"curies":[{"name":"wp","href":"https:\/\/api.w.org\/{rel}","templated":true}]}}

Plenário Atual

<div data-elementor-type="wp-page" data-elementor-id="126" class="elementor elementor-126" data-elementor-post-type="page">
				<div class="elementor-element elementor-element-982747b e-flex e-con-boxed e-con e-parent" data-id="982747b" data-element_type="container" data-e-type="container">
					<div class="e-con-inner">
				<div class="elementor-element elementor-element-906616e elementor-widget elementor-widget-heading" data-id="906616e" data-element_type="widget" data-e-type="widget" data-widget_type="heading.default">
					<h2 class="elementor-heading-title elementor-size-default">XII PLENÁRIO</h2>				</div>
				<div class="elementor-element elementor-element-287ac8c elementor-widget elementor-widget-heading" data-id="287ac8c" data-element_type="widget" data-e-type="widget" data-widget_type="heading.default">
					<h2 class="elementor-heading-title elementor-size-default">Avançar a Psicologia em Goiás</h2>				</div>
					</div>
				</div>
		<div class="elementor-element elementor-element-57a1118 e-flex e-con-boxed e-con e-parent" data-id="57a1118" data-element_type="container" data-e-type="container">
					<div class="e-con-inner">
				<div class="elementor-element elementor-element-b984485 elementor-widget elementor-widget-text-editor" data-id="b984485" data-element_type="widget" data-e-type="widget" data-widget_type="text-editor.default">
									<p><span style="text-decoration: underline;"><strong>DIRETORIA</strong></span></p><p>Conselheira Presidente: JÉSSICA FLORINDA AMORIM (CRP-09/10260)<br />Conselheira Vice-Presidente: MICHELLE DOS SANTOS BRANQUINHO (CRP-09/7474)<br />Conselheira Tesoureira: ISADORA SAMARIDI (CRP-09/9801)<br />Conselheira-Secretária: LARISSA RODRIGUES FARIA (CRP-09/11914)</p><p><span style="text-decoration: underline;"><strong>CONSELHEIRAS(OS) EFETIVAS(OS)</strong></span></p><p>ANAIRAM GAMPER DE OLIVEIRA SILVA (CRP-09/2523)<br />ERIKO NETTO DE LIMA (CRP-09/2865)<br />HINAYANA LEÃO MOTTA (CRP-09/1807)<br />ISADORA GONÇALVES TONÔ DE MOURA (CRP-09/11554)<br />JÚLIO CESAR ALVES (CRP-09/7166)<br />MARIA REGINA DOS REIS DUTRA (CRP-09/2081)<br />RAIMUNDO ROCHA MEDRADO JÚNIOR (CRP-09/3965)<br />TAMIRES DA SILVA CATÃO (CRP-09/10755)<br /><span style="font-family: inherit; font-size: inherit; font-style: inherit; font-variant-ligatures: inherit; font-variant-caps: inherit; font-weight: inherit;">SIMONE MINASI (CRP-09/1277)</span></p><p><strong><span style="text-decoration: underline;">CONSELHEIRAS(OS) SUPLENTES</span></strong></p><p>DENISE MARINHO BORGES (CRP-09/2141)<br />ERIC DE JESUS PORTO (CRP-09/12985)<br />GISSELLA BETHÂNIA CARNEIRO (CRP-09/2620)<br />KÁSSIO ROSSE SILVA KRAN (CRP-09/9634)<br />POLYANA COSTA RODRIGUES (CRP-09/10331)<br />RAFAEL ALVES DOS SANTOS (CRP-09/15947)<br />WISNER BATISTA DE FARIA (CRP-09/4130)</p>								</div>
					</div>
				</div>
		<div class="elementor-element elementor-element-432012f e-flex e-con-boxed e-con e-parent" data-id="432012f" data-element_type="container" data-e-type="container">
					<div class="e-con-inner">
				<div class="elementor-element elementor-element-670ab6f elementor-widget-divider--separator-type-pattern elementor-widget-divider--view-line elementor-widget elementor-widget-divider" data-id="670ab6f" data-element_type="widget" data-e-type="widget" data-widget_type="divider.default">
							<div class="elementor-divider" style="--divider-pattern-url: url(&quot;data:image/svg+xml,%3Csvg xmlns=&#039;http://www.w3.org/2000/svg&#039; preserveAspectRatio=&#039;none&#039; overflow=&#039;visible&#039; height=&#039;100%&#039; viewBox=&#039;0 0 20 16&#039; fill=&#039;none&#039; stroke=&#039;black&#039; stroke-width=&#039;1&#039; stroke-linecap=&#039;square&#039; stroke-miterlimit=&#039;10&#039;%3E%3Cg transform=&#039;translate(-12.000000, 0)&#039;%3E%3Cpath d=&#039;M28,0L10,18&#039;/%3E%3Cpath d=&#039;M18,0L0,18&#039;/%3E%3Cpath d=&#039;M48,0L30,18&#039;/%3E%3Cpath d=&#039;M38,0L20,18&#039;/%3E%3C/g%3E%3C/svg%3E&quot;);">
			<span class="elementor-divider-separator">
						</span>
		</div>
						</div>
					</div>
				</div>
				</div>

<p>XII PLENÁRIO Avançar a Psicologia em Goiás DIRETORIA Conselheira Presidente: JÉSSICA FLORINDA AMORIM (CRP-09/10260)Conselheira Vice-Presidente: MICHELLE DOS SANTOS BRANQUINHO (CRP-09/7474)Conselheira Tesoureira: ISADORA SAMARIDI (CRP-09/9801)Conselheira-Secretária: LARISSA RODRIGUES FARIA (CRP-09/11914) CONSELHEIRAS(OS) EFETIVAS(OS) ANAIRAM GAMPER DE OLIVEIRA SILVA (CRP-09/2523)ERIKO NETTO DE LIMA (CRP-09/2865)HINAYANA LEÃO MOTTA (CRP-09/1807)ISADORA GONÇALVES TONÔ DE MOURA (CRP-09/11554)JÚLIO CESAR ALVES (CRP-09/7166)MARIA REGINA DOS REIS DUTRA (CRP-09/2081)RAIMUNDO ROCHA MEDRADO JÚNIOR [&hellip;]</p>
