{"id":1693,"date":"2026-03-02T17:07:57","date_gmt":"2026-03-02T20:07:57","guid":{"rendered":"https:\/\/crp09.org.br\/site\/?page_id=1693"},"modified":"2026-03-02T22:54:16","modified_gmt":"2026-03-03T01:54:16","slug":"2a-via-do-certificado-de-pessoa-juridica","status":"publish","type":"page","link":"https:\/\/crp09.org.br\/site\/2a-via-do-certificado-de-pessoa-juridica\/","title":{"rendered":"2\u00aa VIA DO CERTIFICADO DE PESSOA JUR\u00cdDICA"},"content":{"rendered":"\t\t<div data-elementor-type=\"wp-page\" data-elementor-id=\"1693\" class=\"elementor elementor-1693\" data-elementor-post-type=\"page\">\n\t\t\t\t<div class=\"elementor-element elementor-element-09415e9 e-flex e-con-boxed e-con e-parent\" data-id=\"09415e9\" data-element_type=\"container\" data-e-type=\"container\">\n\t\t\t\t\t<div class=\"e-con-inner\">\n\t\t\t\t<div class=\"elementor-element elementor-element-8a44074 elementor-widget elementor-widget-heading\" data-id=\"8a44074\" data-element_type=\"widget\" data-e-type=\"widget\" data-widget_type=\"heading.default\">\n\t\t\t\t\t<h2 class=\"elementor-heading-title elementor-size-default\">2\u00aa VIA DO CERTIFICADO DE PESSOA JUR\u00cdDICA<\/h2>\t\t\t\t<\/div>\n\t\t\t\t<div class=\"elementor-element elementor-element-9edbd3e elementor-widget elementor-widget-text-editor\" data-id=\"9edbd3e\" data-element_type=\"widget\" data-e-type=\"widget\" data-widget_type=\"text-editor.default\">\n\t\t\t\t\t\t\t\t\t<p><span style=\"color: #3366ff;\"><strong>&#8211; 2\u00aa VIA DO CERTIFICADO DE PESSOA JUR\u00cdDICA<\/strong><\/span><\/p><p><span style=\"color: #ff0000;\"><strong>(PARA ALTERA\u00c7\u00c3O DE DADOS OU PARA PERDA\/EXTRAVIO)<\/strong><\/span><\/p><p><span style=\"color: #3366ff;\">OBS: A 2\u00aa VIA DO CERTIFICADO DE PESSOA JUR\u00cdDICA<strong><span style=\"color: #ff0000;\"> N\u00c3O ALTERA A VALIDADE<\/span><\/strong>, \u00c9 DESTINADA PARA EMPRESAS QUE <strong>PERDERAM O CERTIFICADO<\/strong> OU QUE EST\u00c1 COM CERTIFICADO V\u00c1LIDO, POR\u00c9M <strong>TEVE ALTERA\u00c7\u00c3O<\/strong> DE ALGUM DADO COMO RAZ\u00c3O SOCIAL, ENDERE\u00c7O, RESPOS\u00c1VEL T\u00c9CNICO, ETC.<\/span><\/p><p>A 2\u00aa via do certificado de pessoa jur\u00eddica \u00e9 regulamentada pela Resolu\u00e7\u00e3o N\u00ba 16, de 21 de agosto de 2019, do Conselho Federal de Psicologia que disp\u00f5e sobre o registro e cadastro de Pessoas Jur\u00eddicas nos Conselhos Regionais de Psicologia.<\/p><p><span style=\"color: #3366ff;\"><strong>DEVER\u00c3O SER APRESENTADOS OS SEGUINTES DOCUMENTOS (ELES DEVEM SER DIGITALIZADOS E ANEXADOS EM FORMATO PDF);<\/strong><\/span><\/p><p><strong>1. PARA ALTERA\u00c7\u00c3O DE ENDERE\u00c7O, RAZ\u00c3O SOCIAL, NOME FANTASIA, QUADRO SOCIET\u00c1RIO OU QUALQUER ALTERA\u00c7\u00c3O NO CONTRATO SOCIAL DEVER\u00c3O SER APRESENTADOS:<\/strong><br \/>&#8211; Requerimento de 2\u00aa via de Certificado de Pessoa Jur\u00eddica devidamente preenchida e assinada pela (o) representante legal da pessoa jur\u00eddica, que pode ser acessado <a href=\"https:\/\/crp09.org.br\/site\/wp-content\/uploads\/2026\/03\/2a_Via_Certificado_de_PJ.pdf\" target=\"_blank\" rel=\"noopener\"><span style=\"color: #3366ff;\"><strong>clicando aqui<\/strong><\/span><\/a>;<\/p><p>&#8211; Contrato social com a devida altera\u00e7\u00e3o;<\/p><p>&#8211; Comprovante de Inscri\u00e7\u00e3o e de Situa\u00e7\u00e3o Cadastral junto ao CNPJ &#8211; pode ser obtido <a href=\"https:\/\/solucoes.receita.fazenda.gov.br\/servicos\/cnpjreva\/cnpjreva_solicitacao.asp\" target=\"_blank\" rel=\"noopener\"><span style=\"color: #3366ff;\"><strong>clicando aqui<\/strong><\/span><\/a>;<\/p><p>&#8211; Documento que atribua poderes ao Representante Legal (ex: ata de elei\u00e7\u00e3o e posse da diretoria, contrato social, procura\u00e7\u00e3o);<\/p><p><strong>2. PARA ALTERA\u00c7\u00c3O\/EXCLUS\u00c3O\/INCLUS\u00c3O DE RESPONS\u00c1VEL T\u00c9CNICA(O) DEVER\u00c3O SER APRESENTADOS:<\/strong><br \/>&#8211; Requerimento de 2\u00aa via de Certificado de Pessoa Jur\u00eddica devidamente preenchida e assinada pela (o) representante legal da pessoa jur\u00eddica, que pode ser acessado <a href=\"https:\/\/crp09.org.br\/site\/wp-content\/uploads\/2026\/03\/2a_Via_Certificado_de_PJ-1.pdf\" target=\"_blank\" rel=\"noopener\"><strong><span style=\"color: #3366ff;\">clicando aqui<\/span><\/strong><\/a>;<\/p><p>&#8211; Comprovante de Inscri\u00e7\u00e3o e de Situa\u00e7\u00e3o Cadastral junto ao CNPJ &#8211; pode ser obtido <a href=\"https:\/\/solucoes.receita.fazenda.gov.br\/servicos\/cnpjreva\/cnpjreva_solicitacao.asp\" target=\"_blank\" rel=\"noopener\"><span style=\"color: #3366ff;\"><strong>clicando aqui<\/strong><\/span><\/a>;<\/p><p>&#8211; Documento que atribua poderes ao Representante Legal (ex: ata de elei\u00e7\u00e3o e posse da diretoria, contrato social, procura\u00e7\u00e3o);<\/p><p>&#8211; Termo de Responsabilidade T\u00e9cnica (fornecido pelo CRP-09 <a href=\"https:\/\/crp09.org.br\/site\/wp-content\/uploads\/2026\/03\/ANEXO_03_-_TERMO_DE_RESPONSABILIDADE_TECNICA_RT-1.pdf\" target=\"_blank\" rel=\"noopener\"><span style=\"color: #3366ff;\"><strong>clicando aqui<\/strong><\/span><\/a>), devidamente preenchido e assinado pelas (os) Psic\u00f3logas (os) indicadas (os) para a fun\u00e7\u00e3o; comprovante de<\/p><p>&#8211; Certid\u00e3o de Regularidade da (o)(s) psic\u00f3loga (o)(s) indicada (o)(s) como Respons\u00e1vel (eis) T\u00e9cnica (o)(s) &#8211; poder\u00e1 ser obtida<a href=\"https:\/\/crp09.org.br\/site\/certidao-de-regularidade\/\" target=\"_blank\" rel=\"noopener\"> <span style=\"color: #3366ff;\"><strong>clicando aqui<\/strong><\/span><\/a>;<\/p><p>&#8211; Comprovante de v\u00ednculo de trabalho da (o)(s) respons\u00e1vel(eis) t\u00e9cnica (o)(s), por meio dos seguintes documentos (carteira de trabalho, contrato de presta\u00e7\u00e3o de servi\u00e7os, termo de ades\u00e3o ao trabalho volunt\u00e1rio ou documento constitutivo da empresa, quando s\u00f3cio);<\/p><p><strong>3. PARA PERDA\/EXTRAVIO DE CERTIFICADO DE PESSOA JUR\u00cdDICA DEVER\u00c3O SER APRESENTADOS:<\/strong><br \/>&#8211; Requerimento de 2\u00aa via de Certificado de Pessoa Jur\u00eddica devidamente preenchida e assinada pela (o) representante legal da pessoa jur\u00eddica, que pode ser acessado <a href=\"https:\/\/crp09.org.br\/site\/wp-content\/uploads\/2026\/03\/2a_Via_Certificado_de_PJ-2.pdf\" target=\"_blank\" rel=\"noopener\"><span style=\"color: #3366ff;\"><strong>clicando aqui<\/strong><\/span><\/a>;<\/p><p>&#8211; Contrato social com a devida altera\u00e7\u00e3o;<\/p><p>&#8211; Comprovante de Inscri\u00e7\u00e3o e de Situa\u00e7\u00e3o Cadastral junto ao CNPJ &#8211; pode ser obtido <a href=\"https:\/\/solucoes.receita.fazenda.gov.br\/servicos\/cnpjreva\/cnpjreva_solicitacao.asp\" target=\"_blank\" rel=\"noopener\"><span style=\"color: #3366ff;\"><strong>clicando aqui<\/strong><\/span><\/a>;<\/p><p><strong>&#8211; Documento que atribua poderes ao Representante Legal (ex: ata de elei\u00e7\u00e3o e posse da diretoria, contrato social, procura\u00e7\u00e3o);<\/strong><\/p><p><span style=\"color: #3366ff;\"><strong>ATEN\u00c7\u00c3O:<\/strong><\/span><\/p><p>&#8211; Ap\u00f3s a confer\u00eancia da documenta\u00e7\u00e3o, ser\u00e1 emitido boleto a ser pago pelo requerente referente \u00e0 taxa de emiss\u00e3o de Certificado de pessoa jur\u00eddica no valor de <strong>R$ 66,96<\/strong>. Pedimos que AGUARDE o envio do boleto, pois ser\u00e1 encaminhado somente ap\u00f3s a an\u00e1lise do processo.<br \/>&#8211; Processos com documenta\u00e7\u00e3o incompleta n\u00e3o seguir\u00e3o em tramita\u00e7\u00e3o. Caso isso ocorra, o requerente receber\u00e1, via e-mail, as orienta\u00e7\u00f5es dos documentos faltantes e\/ou equivocados, para que, no prazo de 10 (dez) dias \u00fateis, sejam completados e\/ou solucionados, sob pena de <strong>indeferimento do pedido.<\/strong><br \/>&#8211; Ap\u00f3s conclus\u00e3o do processo ser\u00e1 enviado o Certificado. O mesmo dever\u00e1 ser afixado em local vis\u00edvel ao p\u00fablico, durante todo o per\u00edodo de atividades.<br \/>&#8211; O Certificado de PJ ser\u00e1 encaminhado por e-mail. Pedimos que AGUARDE o envio do Certificado via e-mail.<br \/><strong><span style=\"color: #ff0000;\">&#8211; O prazo para conclus\u00e3o do processo e envio do CERTIFICADO DE PESSOA JUR\u00cdDICA \u00e9 40 dias, a partir do cumprimento das exig\u00eancias documentais.<\/span><\/strong><\/p><p style=\"text-align: center;\"><strong><span style=\"color: #3366ff;\">PARA REALIZAR A RENOVA\u00c7\u00c3O OU A 2\u00aa VIA DO CERTIFICADO DE PESSOA JUR\u00cdDICA CLIQUE NO BOT\u00c3O ABAIXO:<\/span><\/strong><\/p><p style=\"text-align: center;\"><span style=\"color: #3366ff;\">OBS: <b>Antes de acessar<\/b> o requerimento online esteja com toda documenta\u00e7\u00e3o exigida digitalizada e no formato de PDF.<\/span><br \/><span style=\"color: #3366ff;\"><b>No caso de n\u00e3o possuir senha ou de esquecimento de senha<\/b>, dentro do Requerimento clique em ESQUECI MINHA SENHA e preencha os dados solicitados. Assim, a nova senha ser\u00e1 encaminhada ao e-mail da Pessoa Jur\u00eddica, que consta no banco de dados do CRP-09.<\/span><\/p><p style=\"text-align: center;\"><span style=\"color: #ff0000;\"><strong>ATEN\u00c7\u00c3O: DIGITAR O N\u00daMERO DO CNPJ NA TELA INICIAL DOS REQUERIMENTOS ONLINE<\/strong><\/span><\/p>\t\t\t\t\t\t\t\t<\/div>\n\t\t\t\t<div class=\"elementor-element elementor-element-0fbdc47 elementor-align-center elementor-widget elementor-widget-button\" data-id=\"0fbdc47\" data-element_type=\"widget\" data-e-type=\"widget\" data-widget_type=\"button.default\">\n\t\t\t\t\t\t\t\t\t\t<a class=\"elementor-button elementor-button-link elementor-size-sm\" href=\"https:\/\/cfpservicos.brctotal.com\/crp09_servicosonline\/AreaInscrito\/Login\/Login.aspx\" target=\"_blank\">\n\t\t\t\t\t\t<span class=\"elementor-button-content-wrapper\">\n\t\t\t\t\t\t\t\t\t<span class=\"elementor-button-text\"> ACESSAR OS REQUERIMENTOS ONLINE<\/span>\n\t\t\t\t\t<\/span>\n\t\t\t\t\t<\/a>\n\t\t\t\t\t\t\t\t<\/div>\n\t\t\t\t\t<\/div>\n\t\t\t\t<\/div>\n\t\t\t\t<\/div>\n\t\t","protected":false},"excerpt":{"rendered":"<p>2\u00aa VIA DO CERTIFICADO DE PESSOA JUR\u00cdDICA &#8211; 2\u00aa VIA DO CERTIFICADO DE PESSOA JUR\u00cdDICA (PARA ALTERA\u00c7\u00c3O DE DADOS OU PARA PERDA\/EXTRAVIO) OBS: A 2\u00aa VIA DO CERTIFICADO DE PESSOA JUR\u00cdDICA N\u00c3O ALTERA A VALIDADE, \u00c9 DESTINADA PARA EMPRESAS QUE PERDERAM O CERTIFICADO OU QUE EST\u00c1 COM CERTIFICADO V\u00c1LIDO, POR\u00c9M TEVE ALTERA\u00c7\u00c3O DE ALGUM DADO [&hellip;]<\/p>\n","protected":false},"author":1,"featured_media":0,"parent":0,"menu_order":0,"comment_status":"closed","ping_status":"closed","template":"","meta":{"footnotes":""},"class_list":["post-1693","page","type-page","status-publish","hentry"],"blocksy_meta":[],"_links":{"self":[{"href":"https:\/\/crp09.org.br\/site\/wp-json\/wp\/v2\/pages\/1693","targetHints":{"allow":["GET"]}}],"collection":[{"href":"https:\/\/crp09.org.br\/site\/wp-json\/wp\/v2\/pages"}],"about":[{"href":"https:\/\/crp09.org.br\/site\/wp-json\/wp\/v2\/types\/page"}],"author":[{"embeddable":true,"href":"https:\/\/crp09.org.br\/site\/wp-json\/wp\/v2\/users\/1"}],"replies":[{"embeddable":true,"href":"https:\/\/crp09.org.br\/site\/wp-json\/wp\/v2\/comments?post=1693"}],"version-history":[{"count":16,"href":"https:\/\/crp09.org.br\/site\/wp-json\/wp\/v2\/pages\/1693\/revisions"}],"predecessor-version":[{"id":1899,"href":"https:\/\/crp09.org.br\/site\/wp-json\/wp\/v2\/pages\/1693\/revisions\/1899"}],"wp:attachment":[{"href":"https:\/\/crp09.org.br\/site\/wp-json\/wp\/v2\/media?parent=1693"}],"curies":[{"name":"wp","href":"https:\/\/api.w.org\/{rel}","templated":true}]}}