{"id":999,"date":"2026-02-28T22:14:37","date_gmt":"2026-03-01T01:14:37","guid":{"rendered":"https:\/\/crp09.org.br\/site\/?page_id=999"},"modified":"2026-03-01T01:43:11","modified_gmt":"2026-03-01T04:43:11","slug":"formulario-para-realizar-denuncia-anonima","status":"publish","type":"page","link":"https:\/\/crp09.org.br\/site\/formulario-para-realizar-denuncia-anonima\/","title":{"rendered":"Formul\u00e1rio para realizar den\u00fancia an\u00f4nima"},"content":{"rendered":"\t\t<div data-elementor-type=\"wp-page\" data-elementor-id=\"999\" class=\"elementor elementor-999\" data-elementor-post-type=\"page\">\n\t\t\t\t<div class=\"elementor-element elementor-element-4489b96 e-flex e-con-boxed e-con e-parent\" data-id=\"4489b96\" data-element_type=\"container\" data-e-type=\"container\">\n\t\t\t\t\t<div class=\"e-con-inner\">\n\t\t\t\t<div class=\"elementor-element elementor-element-4fb6eaf elementor-widget elementor-widget-heading\" data-id=\"4fb6eaf\" data-element_type=\"widget\" data-e-type=\"widget\" data-widget_type=\"heading.default\">\n\t\t\t\t\t<h2 class=\"elementor-heading-title elementor-size-default\">Den\u00fancia An\u00f4nima<\/h2>\t\t\t\t<\/div>\n\t\t\t\t<div class=\"elementor-element elementor-element-500d357 elementor-widget elementor-widget-text-editor\" data-id=\"500d357\" data-element_type=\"widget\" data-e-type=\"widget\" data-widget_type=\"text-editor.default\">\n\t\t\t\t\t\t\t\t\t<p><strong>O CRP-09 destaca que sua identidade ser\u00e1 protegida e n\u00e3o divulgada, sendo de<\/strong><strong>\u00a0acesso e controle apenas da Comiss\u00e3o de Orienta\u00e7\u00e3o e Fiscaliza\u00e7\u00e3o.<br \/><\/strong>Para enviar a den\u00fancia an\u00f4nima, \u00e9 indispens\u00e1vel que informe seu\u00a0<strong>nome completo, CPF, e-mail e celular<\/strong>.<br \/>Den\u00fancia com dados de identifica\u00e7\u00e3o inv\u00e1lidos ser\u00e3o desconsideradas.<\/p>\t\t\t\t\t\t\t\t<\/div>\n\t\t\t\t<div class=\"elementor-element elementor-element-72d6ae8 elementor-widget elementor-widget-heading\" data-id=\"72d6ae8\" data-element_type=\"widget\" data-e-type=\"widget\" data-widget_type=\"heading.default\">\n\t\t\t\t\t<h5 class=\"elementor-heading-title elementor-size-default\">Denunciante:<\/h5>\t\t\t\t<\/div>\n\t\t\t\t\t<\/div>\n\t\t\t\t<\/div>\n\t\t<div class=\"elementor-element elementor-element-c329951 e-flex e-con-boxed e-con e-parent\" data-id=\"c329951\" data-element_type=\"container\" data-e-type=\"container\">\n\t\t\t\t\t<div class=\"e-con-inner\">\n\t\t\t\t<div class=\"elementor-element elementor-element-7f104ad elementor-widget elementor-widget-shortcode\" data-id=\"7f104ad\" data-element_type=\"widget\" data-e-type=\"widget\" data-widget_type=\"shortcode.default\">\n\t\t\t\t\t\t\t<div class=\"elementor-shortcode\"><div class=\"forminator-ui forminator-custom-form forminator-custom-form-1272 forminator-design--bold  forminator_ajax\" data-forminator-render=\"0\" data-form=\"forminator-module-1272\" data-uid=\"69f1027ddc39e\"><br\/><\/div><form\n\t\t\t\tid=\"forminator-module-1272\"\n\t\t\t\tclass=\"forminator-ui forminator-custom-form forminator-custom-form-1272 forminator-design--bold  forminator_ajax\"\n\t\t\t\tmethod=\"post\"\n\t\t\t\tdata-forminator-render=\"0\"\n\t\t\t\tdata-form-id=\"1272\"\n\t\t\t\tenctype=\"multipart\/form-data\" data-color-option=\"theme\" data-design=\"bold\" data-grid=\"open\" style=\"display: none;\"\n\t\t\t\tdata-uid=\"69f1027ddc39e\"\n\t\t\t><div role=\"alert\" aria-live=\"polite\" class=\"forminator-response-message forminator-error\" aria-hidden=\"true\"><\/div><div class=\"forminator-row\"><div id=\"name-1\" class=\"forminator-field-name forminator-col forminator-col-12 \"><div class=\"forminator-field\"><label for=\"forminator-field-name-1_69f1027ddc39e\" id=\"forminator-field-name-1_69f1027ddc39e-label\" class=\"forminator-label\">Nome COMPLETO <span class=\"forminator-required\">*<\/span><\/label><input type=\"text\" name=\"name-1\" value=\"\" placeholder=\"Insira seu nome\" id=\"forminator-field-name-1_69f1027ddc39e\" class=\"forminator-input forminator-name--field\" aria-required=\"true\" autocomplete=\"name\" \/><\/div><\/div><\/div><div class=\"forminator-row\"><div id=\"text-1\" class=\"forminator-field-text forminator-col forminator-col-12 \"><div class=\"forminator-field\"><label for=\"forminator-field-text-1_69f1027ddc39e\" id=\"forminator-field-text-1_69f1027ddc39e-label\" class=\"forminator-label\">CPF <span class=\"forminator-required\">*<\/span><\/label><span id=\"forminator-field-text-1_69f1027ddc39e-description\" class=\"forminator-description\"><span data-limit=\"20\" data-type=\"characters\">0 \/ 20<\/span><\/span><input type=\"text\" name=\"text-1\" value=\"\" placeholder=\"Digite seu CPF\" id=\"forminator-field-text-1_69f1027ddc39e\" class=\"forminator-input forminator-name--field\" data-required=\"1\" maxlength=\"20\" \/><\/div><\/div><\/div><div class=\"forminator-row\"><div id=\"email-1\" class=\"forminator-field-email forminator-col forminator-col-12 \"><div class=\"forminator-field\"><label for=\"forminator-field-email-1_69f1027ddc39e\" id=\"forminator-field-email-1_69f1027ddc39e-label\" class=\"forminator-label\">Endere\u00e7o de E-mail <span class=\"forminator-required\">*<\/span><\/label><input type=\"email\" name=\"email-1\" value=\"\" placeholder=\"\" id=\"forminator-field-email-1_69f1027ddc39e\" class=\"forminator-input forminator-email--field\" data-required=\"true\" aria-required=\"true\" autocomplete=\"email\" \/><\/div><\/div><\/div><div class=\"forminator-row\"><div id=\"phone-1\" class=\"forminator-field-phone forminator-col forminator-col-12 \"><div class=\"forminator-field\"><label for=\"forminator-field-phone-1_69f1027ddc39e\" id=\"forminator-field-phone-1_69f1027ddc39e-label\" class=\"forminator-label\">Celular\/Telefone <span class=\"forminator-required\">*<\/span><\/label><input type=\"text\" name=\"phone-1\" value=\"\" placeholder=\"Insira aqui\" id=\"forminator-field-phone-1_69f1027ddc39e\" class=\"forminator-input forminator-field--phone\" data-required=\"1\" aria-required=\"true\" autocomplete=\"off\" data-national_mode=\"enabled\" data-country=\"br\" data-validation=\"standard\" \/><\/div><\/div><\/div><div class=\"forminator-row\"><div id=\"textarea-1\" class=\"forminator-field-textarea forminator-col forminator-col-12 \"><div class=\"forminator-field\"><label for=\"forminator-field-textarea-1_69f1027ddc39e\" id=\"forminator-field-textarea-1_69f1027ddc39e-label\" class=\"forminator-label\">Mensagem<\/label><span id=\"forminator-field-textarea-1_69f1027ddc39e-description\" class=\"forminator-description\"><span data-limit=\"180\" data-type=\"characters\" data-editor=\"\">0 \/ 180<\/span><\/span><textarea name=\"textarea-1\" placeholder=\"\" id=\"forminator-field-textarea-1_69f1027ddc39e\" class=\"forminator-textarea\" rows=\"6\" style=\"--forminator-textarea-min-height:140px;\" maxlength=\"180\" ><\/textarea><\/div><\/div><\/div><div class=\"forminator-row\"><div id=\"text-2\" class=\"forminator-field-text forminator-col forminator-col-12 \"><div class=\"forminator-field\"><label for=\"forminator-field-text-2_69f1027ddc39e\" id=\"forminator-field-text-2_69f1027ddc39e-label\" class=\"forminator-label\">Nome do Denunciado <span class=\"forminator-required\">*<\/span><\/label><input type=\"text\" name=\"text-2\" value=\"\" placeholder=\"Insira o Nome do Denunciado\" id=\"forminator-field-text-2_69f1027ddc39e\" class=\"forminator-input forminator-name--field\" data-required=\"1\" \/><\/div><\/div><\/div><div class=\"forminator-row\"><div id=\"text-3\" class=\"forminator-field-text forminator-col forminator-col-12 \"><div class=\"forminator-field\"><label for=\"forminator-field-text-3_69f1027ddc39e\" id=\"forminator-field-text-3_69f1027ddc39e-label\" class=\"forminator-label\">Registro Profissional <span class=\"forminator-required\">*<\/span><\/label><span id=\"forminator-field-text-3_69f1027ddc39e-description\" class=\"forminator-description\">Caso N\u00e3o Possua - Consiga em https:\/\/cadastro.cfp.org.br\/<span data-limit=\"50\" data-type=\"characters\">0 \/ 50<\/span><\/span><input type=\"text\" name=\"text-3\" value=\"\" placeholder=\"N\u00famero do CRP\" id=\"forminator-field-text-3_69f1027ddc39e\" class=\"forminator-input forminator-name--field\" data-required=\"1\" maxlength=\"50\" aria-describedby=\"forminator-field-text-3_69f1027ddc39e-description\" \/><\/div><\/div><\/div><div class=\"forminator-row\"><div id=\"textarea-2\" class=\"forminator-field-textarea forminator-col forminator-col-12 \"><div class=\"forminator-field\"><label for=\"forminator-field-textarea-2_69f1027ddc39e\" id=\"forminator-field-textarea-2_69f1027ddc39e-label\" class=\"forminator-label\">Descri\u00e7\u00e3o detalhada do fato <span class=\"forminator-required\">*<\/span><\/label><div id=\"wp-forminator-wp-editor-forminator-field-textarea-2_69f1027ddc39e-wrap\" class=\"wp-core-ui wp-editor-wrap tmce-active\"><link rel='stylesheet' id='dashicons-css' href='https:\/\/crp09.org.br\/site\/wp-includes\/css\/dashicons.min.css?ver=0bc2d7dec94eb078804c0d1f632995cd' media='all' \/>\n<link rel='stylesheet' id='editor-buttons-css' href='https:\/\/crp09.org.br\/site\/wp-includes\/css\/editor.min.css?ver=0bc2d7dec94eb078804c0d1f632995cd' media='all' \/>\n<div id=\"wp-forminator-wp-editor-forminator-field-textarea-2_69f1027ddc39e-editor-tools\" class=\"wp-editor-tools hide-if-no-js\"><div class=\"wp-editor-tabs\"><button type=\"button\" id=\"forminator-wp-editor-forminator-field-textarea-2_69f1027ddc39e-tmce\" aria-pressed=\"true\" class=\"wp-switch-editor switch-tmce\" data-wp-editor-id=\"forminator-wp-editor-forminator-field-textarea-2_69f1027ddc39e\">Visual<\/button>\n<button type=\"button\" id=\"forminator-wp-editor-forminator-field-textarea-2_69f1027ddc39e-html\" class=\"wp-switch-editor switch-html\" data-wp-editor-id=\"forminator-wp-editor-forminator-field-textarea-2_69f1027ddc39e\">C\u00f3digo<\/button>\n<\/div>\n<\/div>\n<div id=\"wp-forminator-wp-editor-forminator-field-textarea-2_69f1027ddc39e-editor-container\" class=\"wp-editor-container\"><div id=\"qt_forminator-wp-editor-forminator-field-textarea-2_69f1027ddc39e_toolbar\" class=\"quicktags-toolbar hide-if-no-js\"><\/div><textarea class=\"forminator-textarea do-validate forminator-wp-editor-required wp-editor-area\" style=\"height: 140px\" autocomplete=\"off\" cols=\"40\" name=\"textarea-2\" id=\"forminator-wp-editor-forminator-field-textarea-2_69f1027ddc39e\"><\/textarea><\/div>\n<\/div>\n\n<\/div><\/div><\/div><div class=\"forminator-row\"><div id=\"upload-1\" class=\"forminator-field-upload forminator-col forminator-col-12 \"><div class=\"forminator-field\"><label for=\"forminator-field-upload-1_69f1027ddc39e\" id=\"forminator-field-upload-1_69f1027ddc39e-label\" class=\"forminator-label\">Enviar arquivo(s)<\/label><span id=\"forminator-field-upload-1_69f1027ddc39e-description\" class=\"forminator-description\">Para que a Comiss\u00e3o possa realizar uma apura\u00e7\u00e3o mais detalhada dos fatos descritos, \u00e9 importante que sejam anexadas provas.<\/span><div class=\"forminator-multi-upload \" data-element=\"upload-1_69f1027ddc39e\" aria-describedby=\"forminator-field-upload-1_69f1027ddc39e-description\"><input type=\"file\" name=\"upload-1[]\" id=\"forminator-field-upload-1_69f1027ddc39e\" class=\"forminator-input-file forminator-field-upload-1_69f1027ddc39e-1272\" multiple=\"multiple\" data-method=\"ajax\" accept=\".jpg,.jpeg,.jpe,.gif,.png,.bmp,.tiff,.tif,.webp,.avif,.ico,.heic,.heif,.heics,.heifs,.asf,.asx,.wmv,.wmx,.wm,.avi,.divx,.flv,.mov,.qt,.mpeg,.mpg,.mpe,.mp4,.m4v,.ogv,.webm,.mkv,.3gp,.3gpp,.3g2,.3gp2,.txt,.asc,.c,.cc,.h,.srt,.csv,.tsv,.ics,.rtx,.vtt,.mp3,.m4a,.m4b,.aac,.ra,.ram,.wav,.x-wav,.ogg,.oga,.flac,.mid,.midi,.wma,.wax,.mka,.rtf,.pdf,.class,.tar,.zip,.gz,.gzip,.7z,.psd,.xcf,.doc,.pot,.pps,.ppt,.wri,.xla,.xls,.xlt,.xlw,.mdb,.mpp,.docx,.docm,.dotx,.dotm,.xlsx,.xlsm,.xlsb,.xltx,.xltm,.xlam,.pptx,.pptm,.ppsx,.ppsm,.potx,.potm,.ppam,.sldx,.sldm,.onetoc,.onetoc2,.onetmp,.onepkg,.oxps,.xps,.odt,.odp,.ods,.odg,.odc,.odb,.odf,.wp,.wpd,.key,.numbers,.pages\" data-size=\"100000000\" data-size-message=\"Maximum file size allowed is 100 MB. \" data-filetype=\"jpg|jpeg|jpe|gif|png|bmp|tiff|tif|webp|avif|ico|heic|heif|heics|heifs|asf|asx|wmv|wmx|wm|avi|divx|flv|mov|qt|mpeg|mpg|mpe|mp4|m4v|ogv|webm|mkv|3gp|3gpp|3g2|3gp2|txt|asc|c|cc|h|srt|csv|tsv|ics|rtx|vtt|mp3|m4a|m4b|aac|ra|ram|wav|x-wav|ogg|oga|flac|mid|midi|wma|wax|mka|rtf|pdf|class|tar|zip|gz|gzip|7z|psd|xcf|doc|pot|pps|ppt|wri|xla|xls|xlt|xlw|mdb|mpp|docx|docm|dotx|dotm|xlsx|xlsm|xlsb|xltx|xltm|xlam|pptx|pptm|ppsx|ppsm|potx|potm|ppam|sldx|sldm|onetoc|onetoc2|onetmp|onepkg|oxps|xps|odt|odp|ods|odg|odc|odb|odf|wp|wpd|key|numbers|pages\" data-filetype-message=\"extens\u00e3o de arquivo n\u00e3o \u00e9 permitida.\"><div class=\"forminator-multi-upload-message\" aria-hidden=\"true\"><span class=\"forminator-icon-upload\" aria-hidden=\"true\"><\/span><p>Arrastar e soltar (ou) <a class=\"forminator-upload-file--forminator-field-upload-1_69f1027ddc39e\" href=\"#\" onclick=\"return false;\">Escolher os arquivos<\/a><\/p><\/div><\/div><ul class=\"forminator-uploaded-files upload-container-upload-1_69f1027ddc39e\"><\/ul><\/div><\/div><\/div><div class=\"forminator-row\"><div id=\"html-1\" class=\"forminator-field-html forminator-col forminator-col-12 \"><div class=\"forminator-field forminator-merge-tags\" data-field=\"html-1\"><label class=\"forminator-label\">CPB<\/label><p>O C\u00f3digo Penal Brasileiro prev\u00ea penalidades para quem faz acusa\u00e7\u00f5es falsas contra outra pessoa. Isso inclui cal\u00fania (art. 138), difama\u00e7\u00e3o (art. 139) e acusa\u00e7\u00f5es sem fundamento que gerem investiga\u00e7\u00f5es ou processos (art. 339). As den\u00fancias devem ser feitas com responsabilidade e, sempre que poss\u00edvel, acompanhadas de elementos que comprovem o fato. O uso indevido deste canal pode ser pass\u00edvel de responsabiliza\u00e7\u00e3o.&nbsp;<i class=\"icon-asterisk\"><\/i><\/p><\/div><\/div><\/div><div class=\"forminator-row\"><div id=\"checkbox-1\" class=\"forminator-field-checkbox forminator-col forminator-col-12 \"><div role=\"group\" class=\"forminator-field required\" aria-labelledby=\"forminator-checkbox-group-forminator-field-checkbox-1-69f1027ddc39e-label\"><span id=\"forminator-checkbox-group-forminator-field-checkbox-1-69f1027ddc39e-label\" class=\"forminator-label\">Declara\u00e7\u00e3o <span class=\"forminator-required\">*<\/span><\/span><label id=\"forminator-field-checkbox-1-1-69f1027ddc39e-label\" for=\"forminator-field-checkbox-1-1-69f1027ddc39e\" class=\"forminator-checkbox\" title=\"Declaro, para os fins em Direito admitidos, que estou ciente das consequ\u00eancias, em raz\u00e3o das informa\u00e7\u00f5es aqui prestadas, inclusive para efeitos penais, conforme Art. 339 do C\u00f3digo Penal Brasileiro \u2013 Denuncia\u00e7\u00e3o Caluniosa.\"><input type=\"checkbox\" name=\"checkbox-1[]\" value=\"one\" id=\"forminator-field-checkbox-1-1-69f1027ddc39e\" aria-labelledby=\"forminator-field-checkbox-1-1-69f1027ddc39e-label\" data-calculation=\"0\"   data-hidden-behavior=\"zero\"\/><span class=\"forminator-checkbox-box\" aria-hidden=\"true\"><\/span><span class=\"forminator-checkbox-label\">Declaro, para os fins em Direito admitidos, que estou ciente das consequ\u00eancias, em raz\u00e3o das informa\u00e7\u00f5es aqui prestadas, inclusive para efeitos penais, conforme Art. 339 do C\u00f3digo Penal Brasileiro \u2013 Denuncia\u00e7\u00e3o Caluniosa.<\/span><\/label><\/div><\/div><\/div><div class=\"forminator-row forminator-hidden\"><div id=\"hidden-1\" class=\"forminator-field-hidden  forminator-col-12 \"><input type=\"hidden\" id=\"hidden-1_69f1027ddc39e\" name=\"hidden-1\" value=\"216.73.217.124\" \/><\/div><\/div><div class=\"forminator-row forminator-hidden\"><div id=\"hidden-2\" class=\"forminator-field-hidden  forminator-col-12 \"><input type=\"hidden\" id=\"hidden-2_69f1027ddc39e\" name=\"hidden-2\" value=\"Mozilla\/5.0 AppleWebKit\/537.36 (KHTML, like Gecko; compatible; ClaudeBot\/1.0; +claudebot@anthropic.com)\" \/><\/div><\/div><input type=\"hidden\" name=\"referer_url\" value=\"\" \/><div class=\"forminator-row forminator-row-last\"><div class=\"forminator-col\"><div class=\"forminator-field\"><button class=\"forminator-button forminator-button-submit\">Enviar<\/button><\/div><\/div><\/div><input type=\"hidden\" id=\"forminator_nonce\" name=\"forminator_nonce\" value=\"2dcbb1584f\" \/><input type=\"hidden\" name=\"_wp_http_referer\" value=\"\/site\/wp-json\/wp\/v2\/pages\/999\" \/><input type=\"hidden\" name=\"form_id\" value=\"1272\"><input type=\"hidden\" name=\"page_id\" value=\"999\"><input type=\"hidden\" name=\"form_type\" value=\"default\"><input type=\"hidden\" name=\"current_url\" value=\"https:\/\/crp09.org.br\/site\/formulario-para-realizar-denuncia-anonima\/\"><input type=\"hidden\" name=\"render_id\" value=\"0\"><input type=\"hidden\" name=\"forminator-multifile-hidden\" class=\"forminator-multifile-hidden\"><input type=\"hidden\" name=\"action\" value=\"forminator_submit_form_custom-forms\"><\/form><\/div>\n\t\t\t\t\t\t<\/div>\n\t\t\t\t\t<\/div>\n\t\t\t\t<\/div>\n\t\t\t\t<\/div>\n\t\t","protected":false},"excerpt":{"rendered":"<p>Den\u00fancia An\u00f4nima O CRP-09 destaca que sua identidade ser\u00e1 protegida e n\u00e3o divulgada, sendo de\u00a0acesso e controle apenas da Comiss\u00e3o de Orienta\u00e7\u00e3o e Fiscaliza\u00e7\u00e3o.Para enviar a den\u00fancia an\u00f4nima, \u00e9 indispens\u00e1vel que informe seu\u00a0nome completo, CPF, e-mail e celular.Den\u00fancia com dados de identifica\u00e7\u00e3o inv\u00e1lidos ser\u00e3o desconsideradas. Denunciante:<\/p>\n","protected":false},"author":1,"featured_media":0,"parent":0,"menu_order":0,"comment_status":"closed","ping_status":"closed","template":"","meta":{"footnotes":""},"class_list":["post-999","page","type-page","status-publish","hentry"],"blocksy_meta":[],"_links":{"self":[{"href":"https:\/\/crp09.org.br\/site\/wp-json\/wp\/v2\/pages\/999","targetHints":{"allow":["GET"]}}],"collection":[{"href":"https:\/\/crp09.org.br\/site\/wp-json\/wp\/v2\/pages"}],"about":[{"href":"https:\/\/crp09.org.br\/site\/wp-json\/wp\/v2\/types\/page"}],"author":[{"embeddable":true,"href":"https:\/\/crp09.org.br\/site\/wp-json\/wp\/v2\/users\/1"}],"replies":[{"embeddable":true,"href":"https:\/\/crp09.org.br\/site\/wp-json\/wp\/v2\/comments?post=999"}],"version-history":[{"count":4,"href":"https:\/\/crp09.org.br\/site\/wp-json\/wp\/v2\/pages\/999\/revisions"}],"predecessor-version":[{"id":1286,"href":"https:\/\/crp09.org.br\/site\/wp-json\/wp\/v2\/pages\/999\/revisions\/1286"}],"wp:attachment":[{"href":"https:\/\/crp09.org.br\/site\/wp-json\/wp\/v2\/media?parent=999"}],"curies":[{"name":"wp","href":"https:\/\/api.w.org\/{rel}","templated":true}]}}